r + 2*v, -2*v - 8 = 0. Suppose -r*m + 141 - f = 0. List the prime factors of m.
29
Let s = -51 - -55. Suppose 0 = -i + 3*f + 27, -s*i + 5*i = -4*f - 8. What are the prime factors of i?
2, 3
Suppose -4*n + 86 = -2*t, t + 5*n = 3*t + 82. Let c = -17 - t. What are the prime factors of c?
2, 17
Let a(h) = 2*h + 4. Let x be a(3). Let i = 15 - x. Suppose -4*l + 10 = -i*v + 4*v, -2*v + 45 = 5*l. What are the prime factors of v?
2, 5
Let h(k) = -5*k**3 - 2*k - 1. Let z be h(-1). Suppose 60 = -d + z*d. Suppose -4*r + d + 8 = 0. What are the prime factors of r?
5
Let a = 1975 + -1395. List the prime factors of a.
2, 5, 29
Let y = 385 + -181. Let f be -5 + 2 - -4*3/2. What are the prime factors of (4/f)/(8/y)?
2, 17
Suppose -4*n + 523 + 101 = 4*g, -624 = -4*g - 5*n. Suppose 0 = -3*d - d + g. List the prime factors of d.
3, 13
Let b(p) = p**2 - 28*p - 32. List the prime factors of b(47).
3, 7, 41
Let d = 17 - 14. Suppose 3*c + d*i = 0, 0*c + 3*i - 2 = -4*c. Suppose 6 = -c*y - 4, 3*z = 3*y + 66. What are the prime factors of z?
17
Let s = 3074 + -1426. What are the prime factors of s?
2, 103
Let g(y) = y**3 - 9*y**2 + 86*y - 21. List the prime factors of g(12).
3, 13, 37
Let i be 48/10 + (-8)/10. Suppose i*z - 60 = -z + g, -27 = -2*z + g. List the prime factors of z.
11
What are the prime factors of (2985/(-45))/((-3)/18)?
2, 199
Suppose -456 = -6*o - 6*o. List the prime factors of o.
2, 19
Suppose 19*v - 8540 = -v. What are the prime factors of v?
7, 61
Suppose -4*x - d + 9 = 4*d, -10 = -5*x - 5*d. Suppose 5 = -3*f - 4. What are the prime factors of 1 + -9*x/f?
2
Let q(u) = u**3 + 10*u**2 - 21*u + 5. Let r be q(-10). Let n = 27 + r. What are the prime factors of n?
2, 11
Let c = 20 + -16. Let s(b) = 61*b + 39. What are the prime factors of s(c)?
283
Suppose 6*f + 16367 = 10*f + 3*h, 2*f + 3*h - 8191 = 0. What are the prime factors of f?
2, 7, 73
Let l(z) = -z**2 + z + 89. Let r(a) = a + 11. Let q be r(-11). What are the prime factors of l(q)?
89
Let y(a) = -a**2 - 4*a + 2. Let j be y(-5). List the prime factors of (-3)/(j/(-7))*-15.
3, 5, 7
Let a = 300 + -151. Suppose 3*s = 4*u - a, 108 = 4*u - 5*s - 39. List the prime factors of u.
2, 19
Suppose 5*j - 84 = 41. Let p = j + -11. What are the prime factors of p?
2, 7
Suppose -5*a = -5*l - 5375, 10*a - 11*a - 2*l + 1063 = 0. What are the prime factors of a?
3, 7, 17
Suppose -4*g - z - z - 8 = 0, 5*g + 5*z + 20 = 0. Let d be (20/4)/(1 - g). Suppose 4*x - 10 + 2 = -2*l, -19 = -4*l - d*x. What are the prime factors of l?
2, 3
Suppose 5*h - 10 - 15 = 0. Suppose -h - 1 = -2*a. Suppose -2*l + a*l - 28 = 0. What are the prime factors of l?
2, 7
List the prime factors of ((2 - 4) + -1)/((-3)/13).
13
Let h(j) = -4*j + 6*j - 1 + 0. Let o be (4/(-6))/((-3)/9). List the prime factors of h(o).
3
Suppose 2*n = 3*n + 8. Let r be (16/n)/(4/6). What are the prime factors of (r + 3 - -4) + 3?
7
Let a = 40 + -40. Suppose a = -5*m - 0*m - 2*l + 704, 2*m + 5*l - 290 = 0. List the prime factors of m.
2, 5, 7
Let c = 677 - -152. What are the prime factors of c?
829
Let r be (-3 - -6*1) + 3. Suppose 499 + 113 = r*g. What are the prime factors of g?
2, 3, 17
Suppose -1 = 5*y - 4*z - 14, z = -2. Suppose y = -2*v + 7. Suppose v*k - 18 = 27. List the prime factors of k.
3, 5
Let l = -8 - -8. Suppose 2*d = -l - 4. Let h = 6 + d. What are the prime factors of h?
2
Let o = 2067 - 122. What are the prime factors of o?
5, 389
Suppose 86*k = 90*k - 4976. What are the prime factors of k?
2, 311
Let c = -781 + 1247. List the prime factors of c.
2, 233
Suppose 12*l - 11*l - 145 = -r, 3*l = -r + 435. List the prime factors of l.
5, 29
Let n(z) = -z - 3. Let b be n(-1). List the prime factors of (2 + 222/b)/1*-1.
109
Suppose -2*l - 9*l + 77 = 0. Suppose -l*k = 2*k - 324. List the prime factors of k.
2, 3
Let t be 1/8 + (-1244)/(-32). Suppose -h - 4*v + t = 0, 2*v + 3*v = -5*h + 255. What are the prime factors of h?
5, 11
Let i = -15 + 18. Suppose -2 = -i*x + 103. List the prime factors of x.
5, 7
Let p(w) = -1462*w**3 - w**2 - 6*w - 6. What are the prime factors of p(-1)?
3, 487
Suppose 3*p + 2*f - 4520 = 934, 5463 = 3*p - f. List the prime factors of p.
2, 5, 7, 13
Let w = -3 + 168. Let j = 97 - w. What are the prime factors of j/(-6) + 2/(-6)?
11
Let c(g) = g**2 - 7*g - 24. Let j be c(10). Suppose -4*t + 4*z - j*z = -846, 2*z + 617 = 3*t. What are the prime factors of t?
11, 19
Let n(x) = 15*x**2 + 5*x. Let o(c) = 10*c**2 + 3*c. Let i(t) = -5*n(t) + 8*o(t). What are the prime factors of i(-2)?
2, 11
Suppose 4*s = c + 19, 12 + 3 = 2*s + 5*c. Suppose z - 900 + 289 = -s*t, 2*t - 5*z - 239 = 0. What are the prime factors of t?
2, 61
Let b = -46 - -53. Suppose 13*a - b*a = 1032. What are the prime factors of a?
2, 43
Let o(h) = 8*h + 3 + 20*h**2 - 8*h + 10*h. List the prime factors of o(-3).
3, 17
Suppose 0 = 17*g - g - 8112. What are the prime factors of g?
3, 13
Let o(m) = 9*m + 92. What are the prime factors of o(17)?
5, 7
What are the prime factors of 21110/25 - 8/(200/(-15))?
5, 13
Let o(w) be the second derivative of 5*w**7/504 + w**5/120 + w**4/12 - 2*w. Let j(p) be the third derivative of o(p). What are the prime factors of j(1)?
2, 13
Suppose -10 = -3*f - 5*d + 245, 0 = 2*f + d - 177. Let t = f - 145. Let k = -36 - t. List the prime factors of k.
19
Suppose 3428 - 393 = 5*y + 3*i, 3*i = 5*y - 3035. List the prime factors of y.
607
Suppose -7*a + 3 = -4. Let d = a + 58. List the prime factors of d.
59
Let z(t) = -2*t**3 - 2*t**2 + 8*t + 4. Let a be z(-3). List the prime factors of (-159)/(-4)*a/3.
2, 53
Let u(s) = 0 + 1 - 10*s + 13*s**2 + 10*s. Let c(g) = 40*g**2 + 4. Let k(o) = -2*c(o) + 7*u(o). List the prime factors of k(1).
2, 5
Let n be (104 + -2)/((-10)/(-5)). Let s = 30 + n. What are the prime factors of s?
3
Let f be -2 - (4 - (57*-4)/(-1)). Suppose -3*m + f + 118 = 2*j, 3*j - 495 = 3*m. What are the prime factors of j?
167
List the prime factors of (16/(-56))/(4/(-28588)).
2, 1021
Let q(a) = 8*a - 10 - 12*a**2 + a**3 + 0*a**2 + 5*a. Let f = 97 + -86. List the prime factors of q(f).
2, 3
Suppose 5*i - 1867 = -3*o + 1279, 0 = 3*i - 4*o - 1905. What are the prime factors of i?
631
Suppose 262 = -m + 3*q, 0 = 5*m - q - 4*q + 1280. Let o = -107 - m. What are the prime factors of o?
2, 73
Let r be -1*(4/6)/((-2)/(-9)). What are the prime factors of 1/((-12)/18)*326/r?
163
Let j(c) = -3*c**3 + c**2 - 7*c - 3. Let n(q) = q**3 + q**2 + q. Let z(b) = -j(b) - 4*n(b). Let v be z(-5). Let f = v - -20. What are the prime factors of f?
2
Suppose 7*w = 2*w. List the prime factors of w + 0 + (12 - 6).
2, 3
Let j(c) = c**2 + 10*c - 3. Let o be j(-11). Suppose 2*s - o = 4*s - 4*f, -s - 2*f + 8 = 0. Suppose 38 = s*a - 66. List the prime factors of a.
2, 13
Suppose 2*h = -2*h. Suppose -12*g + 3*j = -14*g + 229, -4*g = -5*j - 469. Suppose 0*o - 4*o + g = h. List the prime factors of o.
29
Let h(i) be the third derivative of i**7/5040 - i**6/720 + i**5/10 + i**2. Let f(q) be the third derivative of h(q). What are the prime factors of f(8)?
7
Let h be (2 - 15/3)*2786/(-6). Suppose 3*s + g - 835 = 0, -g + 4*g - h = -5*s. What are the prime factors of s?
2, 139
Let t(k) = k**3 + k**2 + 3. Let w be t(0). Suppose -3*f + 5*f + w*y - 417 = 0, -2*f + 407 = 5*y. What are the prime factors of f?
2, 3
Let b(j) = -7*j + 7. Let r(m) = 8*m - 7. Let n(l) = -6*b(l) - 5*r(l). Let h be n(5). What are the prime factors of (-4 + 1)*(2 - h)?
3
Let z(p) = -p**2 + 2*p + 44. Let b(n) = n + 2. Suppose s + 2*s + 6 = 0. Let l be b(s). What are the prime factors of z(l)?
2, 11
Suppose 1841 = 8*k - 207. Suppose 0 = 2*p - 3*z - 163 - 77, 0 = 2*p + z - k. What are the prime factors of p?
2, 3, 7
Let s(n) = -7*n**2 - 2*n + 2. Let d be s(4). Let u = d - -179. List the prime factors of u.
61
Let q(p) = 6*p - 1. Let l be q(1). Suppose 43 = 5*r - 2. Let a = r + l. List the prime factors of a.
2, 7
Let g(q) = q + 2. Let j be g(2). Suppose 0 = j*x - 9*x + 930. List the prime factors of x.
2, 3, 31
Let t = -223 - -135. Let f = 36 - t. List the prime factors of f.
2, 31
List the prime factors of ((-8)/6)/(8/(-1332)).
2, 3, 37
Suppose -3*t + 5*t = 4. Suppose t*r - 4*n = -3*r + 128, 4*r + 3*n = 121. Suppose -84 = -4*m + r. What are the prime factors of m?
2, 7
Let q(c) = -110*c. Let m be q(-